*3 - 12*g**2 - 13*g - 8. Calculate s(-11).
14
Let u(y) = 4*y**2 - 18*y - 22. Calculate u(6).
14
Let y(f) = 8*f**2 + 17*f + 13. Give y(-4).
73
Let k(l) = l**3 - 3*l**2 - 5*l + 13. Determine k(3).
-2
Let m(l) = -6*l - 23. Determine m(6).
-59
Let l(u) = -6*u + 7. Calculate l(-5).
37
Let b(m) = -2*m - 17. Determine b(-10).
3
Let v(u) = -17*u - 65. Calculate v(-5).
20
Let m(z) = 3*z**3 - z**2 - 7*z + 4. Calculate m(-3).
-65
Let r(c) = -11*c**2 - c + 2. Give r(1).
-10
Let h(z) = 7*z - 1. Give h(5).
34
Let i(a) = -a - 17. Calculate i(-10).
-7
Let x(h) = 2*h**2 + 4*h - 123. Determine x(7).
3
Let v(x) = 15*x**2 + x + 1. What is v(-1)?
15
Let q(b) = -b**3 + 54*b**2 - 104*b + 1. What is q(52)?
1
Let i(m) = 24*m + 1. Determine i(2).
49
Let y(f) = -f**3 - 19*f**2 - 78*f + 4. What is y(-13)?
4
Let f(g) = -9*g + 33. Determine f(3).
6
Let n(x) = x**3 + 16*x**2 + 29*x + 4. Determine n(-14).
-10
Let a(n) = -2*n**2 - 5*n - 14. Give a(-4).
-26
Let n(c) = c**3 + 2*c**2 + 2*c + 3. What is n(-3)?
-12
Let j(m) = -m**3 + 10*m**2 + 2*m - 2. What is j(10)?
18
Let z(d) = d**3 - 9*d**2 - 7. Give z(9).
-7
Let x(j) = -13*j**2 + 1. What is x(-1)?
-12
Let u(o) = -2*o**3 - 4*o**2 + 7*o + 16. What is u(-3)?
13
Let l(k) = -25*k - 37. Give l(-3).
38
Let h(x) = -x**3 + 5*x + 7. Determine h(3).
-5
Let m(y) = -3*y - 19. What is m(-7)?
2
Let v(u) = u**2 - 29*u - 26. Determine v(30).
4
Let p(c) = -c**3 - 9*c**2 + 7*c + 3. What is p(-10)?
33
Let q(t) = -2*t**3 - 2*t**2 + 5*t - 3. Give q(1).
-2
Let p(s) = -s - 2. Give p(-8).
6
Let v(h) = -9*h + 57. What is v(6)?
3
Let a(w) = -w**3 + 10*w**2 + 20*w + 17. Give a(12).
-31
Let f(i) = i**3 - 12*i**2 + 26*i + 5. What is f(9)?
-4
Let m(g) = -4*g + 59. Give m(11).
15
Let y(o) = o**2 + 8*o - 59. Calculate y(-13).
6
Let y(r) = -r**3 - 6*r**2 + 5*r - 7. Give y(-7).
7
Let r(y) = y**3 + 7*y**2 - 11*y - 6. Give r(-8).
18
Let y(n) = 3*n**3 + 2*n**2 + 3*n + 7. What is y(-2)?
-15
Let w(x) = 6*x**3 + x**2 - 4*x + 3. Calculate w(1).
6
Let q(j) = -2*j**3 - 6*j**2 + 5*j - 9. Give q(-4).
3
Let u(l) = 12*l + 6. What is u(1)?
18
Let c(i) = -i**3 - 13*i**2 - 20*i + 52. What is c(-12)?
148
Let n(a) = 10*a - 76. Calculate n(7).
-6
Let i(c) = 3*c + 6. Determine i(8).
30
Let q(k) = k**3 + 4*k**2 + k + 1. Give q(-4).
-3
Let j(w) = -7*w - 116. Give j(-25).
59
Let d(k) = k**2 + 2*k - 15. Give d(5).
20
Let l(q) = -q - 17. Calculate l(-8).
-9
Let v(c) = -c**3 - 7*c**2 + 17*c - 20. Determine v(-9).
-11
Let t(l) = -l**3 - 2*l**2 - 3*l + 2. Give t(-3).
20
Let y(v) = v**3 + 17*v**2 - 16*v + 35. Calculate y(-18).
-1
Let d(y) = -y**3 - 9*y**2 + 4*y - 10. What is d(-9)?
-46
Let h(z) = -2*z**2 - 6*z + 4. Determine h(-3).
4
Let q(m) = -m**3 + 3*m**2 - 2*m + 5. What is q(-3)?
65
Let n(f) = -3*f + 8. Calculate n(-12).
44
Let u(a) = 29*a - 2. Determine u(-1).
-31
Let x(l) = -l**3 + 33*l**2 + 71*l - 29. Determine x(35).
6
Let j(v) = -v**3 - 8*v**2 + 9*v - 2. Give j(-9).
-2
Let a(b) = -4*b + 39. What is a(7)?
11
Let j(b) = b**3 + 13*b**2 - 38*b - 12. What is j(-15)?
108
Let w(u) = -u**3 - u - 23. Give w(0).
-23
Let j(l) = l**3 + 18*l**2 + 17*l. What is j(-17)?
0
Let n(v) = v**2 + 11*v - 6. Calculate n(-12).
6
Let v(w) = 3*w**2 - 25*w + 3. Determine v(10).
53
Let w(f) = f**3 + 3*f**2 - f + 3. Give w(-3).
6
Let f(h) = -6*h - 46. What is f(0)?
-46
Let d(g) = -g**3 - 30*g**2 - 31*g - 51. Calculate d(-29).
7
Let i(a) = -a**3 - 6*a**2 - 4*a - 5. What is i(-5)?
-10
Let f(n) = -21*n - 93. What is f(-5)?
12
Let c(j) = 5*j + 3. What is c(-1)?
-2
Let t(h) = -h**2 + 21*h - 35. Determine t(19).
3
Let j(x) = x**3 + x + 2. What is j(-2)?
-8
Let q(j) = 13*j**3 - 2*j**2 - j. Give q(-1).
-14
Let h(l) = 17*l + 16. What is h(-8)?
-120
Let i(f) = f**3 + 16*f**2 - 28*f - 190. What is i(-17)?
-3
Let n(k) = -k**2 - 20*k - 23. Give n(-16).
41
Let r(a) = -a**3 - 2*a**2 + 8*a + 6. Give r(-3).
-9
Let g(s) = s**3 - 16*s**2 + 2*s - 13. What is g(16)?
19
Let q(r) = 14*r + 5. Calculate q(-1).
-9
Let g(v) = v**3 + 6*v**2 - 17*v - 9. What is g(-8)?
-1
Let a(v) = 8*v - 12. Give a(9).
60
Let x(w) = w**2 - 8*w + 3. Calculate x(5).
-12
Let n(h) = 2*h**2 + 7. Calculate n(4).
39
Let m(v) = -v**2 - 31*v - 208. Calculate m(-20).
12
Let f(q) = q**3 - 7*q**2 + 10*q - 8. Calculate f(6).
16
Let h(w) = -w**3 + 8*w**2 - 10*w - 6. Give h(7).
-27
Let y(w) = -w**2 - 38*w - 209. What is y(-31)?
8
Let l(o) = -2*o**2 - 46*o - 228. What is l(-7)?
-4
Let w(m) = 3*m - 22. Give w(9).
5
Let o(v) = 66*v + 466. Calculate o(-7).
4
Let r(h) = -2*h**3 + 8*h**2 - 5*h - 8. What is r(3)?
-5
Let j(z) = -z**3 - 21*z**2 + 3*z + 20. Calculate j(-21).
-43
Let g(w) = w**2 + 17*w + 31. Give g(-10).
-39
Let z(b) = -3*b + 46. Give z(16).
-2
Let g(b) = b**3 + 8*b**2 + 10*b + 5. Determine g(-7).
-16
Let b(t) = t - 12. Give b(7).
-5
Let i(o) = -o**3 - 13*o**2 - 9*o + 44. Give i(-12).
8
Let s(q) = -9*q**3 + 2*q**2 - 7*q + 5. Determine s(1).
-9
Let x(d) = -d**3 + 7*d**2 - 11*d. Determine x(5).
-5
Let l(c) = c - 6. Determine l(12).
6
Let i(z) = -4*z + 9. Give i(4).
-7
Let a(x) = 2*x**3 - 10*x**2 + 2*x - 7. Give a(5).
3
Let y(o) = -18*o - 20. Determine y(-1).
-2
Let s(m) = -14*m**3. What is s(-1)?
14
Let l(j) = 9*j - 7. Determine l(5).
38
Let q(h) = -13*h**2 + 6*h - 1. What is q(1)?
-8
Let k(p) = p**3 + 18*p**2 - p - 18. Give k(-18).
0
Let x(t) = 77*t - 6. Give x(-2).
-160
Let b(w) = -w**2 - 16*w - 4. What is b(-16)?
-4
Let q(n) = -n**3 + 15*n**2 - 14*n + 206. Determine q(15).
-4
Let y(n) = -n**3 + 15*n**2 - 33*n + 30. Determine y(13).
-61
Let w(s) = -s**3 + 4*s**2 - 8*s + 6. Give w(2).
-2
Let c(k) = k**2 - 13*k + 18. Give c(9).
-18
Let t(z) = -5*z + 3. Calculate t(-3).
18
Let k(p) = -p**3 - 4*p**2 + p - 13. Give k(-7).
127
Let l(o) = o**2 + 16*o - 2. Determine l(-15).
-17
Let y(t) = t**3 - 14*t**2 - 20*t + 76. What is y(15)?
1
Let j(k) = 23*k**3 + k**2 + 2*k. Give j(-1).
-24
Let h(s) = 5*s + 12. What is h(9)?
57
Let h(r) = r**3 - 9*r**2 - 13*r + 25. Determine h(10).
-5
Let h(j) = -7*j + 50. Determine h(6).
8
Let g(w) = w - 9. Give g(12).
3
Let d(f) = 5*f**3 - 2*f**2 + f. Calculate d(1).
4
Let z(j) = 7*j**2 + 2*j - 3. Calculate z(1).
6
Let s(k) = 4*k - 20. What is s(-10)?
-60
Let o(i) = -2*i**2 - i - 12. Calculate o(0).
-12
Let z(q) = 20*q + 556. Calculate z(-28).
-4
Let r(o) = o**3 + 7*o**2 + 3*o - 2. What is r(-7)?
-23
Let o(u) = -u**3 + 18*u**2 + 19*u + 7. Calculate o(19).
7
Let x(w) = -w**2 + 7*w - 12. What is x(4)?
0
Let z(f) = -3*f + 5. Determine z(-3).
14
Let a(b) = -b**3 + 4*b**2 - 4*b - 4. What is a(0)?
-4
Let o(h) = -h**3 + 5*h**2 - 3*h - 4. Give o(3).
5
Let d(z) = -z**3 + z + 5. Give d(0).
5
Let s(h) = h**3 + 4*h**2 - 10*h + 11. Determine s(-5).
36
Let b(g) = -5*g - 6. What is b(5)?
-31
Let l(g) = -38*g - 184. Calculate l(-5).
6
Let m(b) = -b**2 + 5*b + 10. Give m(5).
10
Let z(h) = -h**3 - 10*h**2 - 12*h - 11. Determine z(-9).
16
Let p(z) = z**2 + 4*z. What is p(-4)?
0
Let o(t) = 30*t + 1020. Give o(-34).
0
Let b(z) = -z**3 + 7*z**2 - 6*z + 1. Calculate b(6).
1
Let d(c) = -2*c + 2. Determine d(5).
-8
Let m(l) = l**3 + 7*l**2 - 7*l + 7. What is m(-8)?
-1
Let y(i) = -i**3 + 19*i**2 - 18*i + 10. Calculate y(18).
10
Let j(v) = -10*v + 3. What is j(6)?
-57
Let m(y) = -y**3 + 19*y**2 + 43*y - 25. Determine m(21).
-4
Let o(n) = n**2 + 18*n - 29. Calculate o(-20).
11
Let q(r) = -2*r - 5. Give q(-5).
5
Let y(p) = -p**2 + 5*p + 3. What is y(4)?
7
Let b(o) = -o**2 + 42*o - 325. Calculate b(32).
-5
Let w(m) = m**2 + 17*m + 29. Determine w(-14).
-13
Let q(g) = 5*g**2 + g + 4. Give q(-2).
22
Let i(z) = 2*z**2 - 24*z - 2. Calculate i(13).
24
Let r(i) = -2*i**3 - 57*i**2 - 28*i - 2. Give r(-28).
-2
Let w(a) = a**2 + 3*a + 13. What is w(-4)?
17
Let b(p) = 2*p**2 - 44*p + 110. Determine b(19).
-4
Let k(y) = 13*y - 82. Calculate k(6).
-4
Let f(i) = -33*i + 67. Determine f(2).
1
Let c(s) = -s**2 + 27*s - 146. What is c(22)?
-36
Let a(q) = q**3 + 5*q**2 - 8*q - 18. Calculate a(-6).
-6
Let g(t) = t**3 + 5*t**2 - 9*t - 21. Determine g(-6).
-3
Let j(f) = -5*f**2 - f. Determine j(-3).
-42
Let t(c) = c**3 + 8*c**2 + 7*c - 6. Calculate t(-6).
24
Let j(o) = 3*o - 47. Calculate j(15).
-2
Let b(v) = v + 21. What is b(-13)?
8
Let m(j) = -3*j + 34. Give m(5).
19
Let t(m) = m**2 - 13*m + 33. What is t(10)?
3
Let x(f) = -6*f + 6. Determine x(6).
-30
Let c(j) = -j**3 - 14*j**2 - 37*j